*s - 3*s - 11. What is the units digit of s?
1
Let p = -6 + 8. Suppose p*r - 2 = 2. What is the units digit of r?
2
What is the units digit of (1 - (-3)/(-9))*198?
2
Let r = -8 + 17. Let n = r + 10. What is the tens digit of n?
1
Let s(o) = -o**2 + 2*o + o**2 + o**2 + 4. What is the units digit of s(-3)?
7
Let u(c) = 17*c + 6. What is the tens digit of u(2)?
4
Suppose 0 = 11*x - 824 - 1167. What is the units digit of x?
1
Let p(o) = 4*o - 1. Let t be p(1). Let x = 5 - t. Suppose -x*i + 5 = -9. What is the units digit of i?
7
Let b be (-3 + 5)/(1/1). Suppose 5 = 5*r + b*c, -4*r + 12 + 10 = -2*c. What is the units digit of r?
3
Let m be (-8)/10*3300/(-8). What is the tens digit of 2/7 + m/21?
1
Let o(y) = y**2 + 2*y + 6. Let j be o(-6). Suppose -19*x = -18*x - j. What is the tens digit of x?
3
Let s(u) = u**2 - 8*u + 4. Let k(d) = -d - 1. Let w(y) = -6*k(y) + s(y). Let n be w(7). Suppose n = 5*t + 2*r + 9, t = -4*r. What is the units digit of t?
8
Let h be 2 - (2 - (17 - -1)). Let g be (h/(-5))/(4/(-10)). Suppose -5*c = -4*n - 26, 4*n + 9 + g = c. What is the units digit of c?
2
Suppose 2*r = 8, -2*r - 15 = 3*h - 179. Let g be 27/3*(-1)/(-3). Suppose g*b = -b + h. What is the tens digit of b?
1
Let w(x) = -x**3 + 10*x**2 - 11*x + 12. Let l be w(9). Let m(v) = v**2 + 6*v + 3. What is the units digit of m(l)?
3
Suppose 12*m = 4*m + 680. What is the units digit of m?
5
Suppose -2*x - 60 = 2*x. What is the tens digit of ((-123)/x)/(1/5)?
4
Let o be 18/(-15)*(-10)/(-4). What is the units digit of (o/(-5) - 1)*-5?
2
Suppose a = -7*a + 1440. What is the tens digit of a?
8
Suppose 0*c + 4*c - 12 = 0. Suppose -3 - 9 = -c*f. What is the units digit of f?
4
Suppose -5*l + 2*f = 0, -l + 5*f = l. Suppose l = -11*o + 14*o - 36. What is the tens digit of o?
1
Let j = -8 + 10. Suppose 4*k + k - 2*s - 56 = 0, s + 23 = j*k. Suppose 0 = -l - 4*l + k. What is the units digit of l?
2
Let r be -2 + 3 + 2/2. Let t(s) = -7*s**3 + 9 - 9*s**r - 2*s + 9*s + 8*s**3. What is the units digit of t(8)?
1
Suppose -3*s + 14 + 1 = 0. Let i = 7 + 2. Let x = i - s. What is the units digit of x?
4
Let l be (-4)/(0 + 1/(-20)). Suppose -3*p - 2*w = -37 - 9, -4*p = -2*w - l. What is the units digit of p?
8
Let f(h) = h**3 - 6*h**2 + 17*h - 21. What is the tens digit of f(7)?
4
What is the tens digit of (-1 - 34)*312/(-65)?
6
Let p(i) = 12*i**2 - 16*i + 2. What is the units digit of p(2)?
8
Suppose 0 = 5*h + 15, 3*h = -2*d + 3*d - 12. Let x = d + 1. Let m = x - 2. What is the units digit of m?
2
Suppose -q - 36 = -2*p + 67, -5*p - 5*q + 220 = 0. Let a = p + -25. Let d = a + -10. What is the units digit of d?
4
Let p(i) = i**2 + 4*i + 6. Let t = 3 + -8. What is the tens digit of p(t)?
1
Let x(i) = 7*i**2 - 2*i - 1. Suppose -4*t + 7*t = 12. Let v be (-22)/18 - t/(-18). What is the units digit of x(v)?
8
Suppose 5*l = 47 - 2. Suppose h - 4*h - 4*w - 5 = 0, 3*h - 3*w - l = 0. What is the units digit of h?
1
Let g(a) be the second derivative of -a**5/20 + a**4/3 - a**3/6 + 2*a**2 - 2*a. What is the units digit of g(3)?
0
Let z = -2 + 6. Let q(n) = n**2 + 4*n. Let d be q(z). What is the units digit of d/(-2)*1/(-2)?
8
Let z(j) = -j**2 + 5*j + 4. Let m be z(5). Suppose 0 = -m*h - 3 + 35. Suppose x + 3*x = h. What is the units digit of x?
2
Suppose -2*r + 0*p - 6 = p, 2*p + 8 = -2*r. What is the units digit of (r/1)/((-6)/12)?
4
Let s = -30 - -20. Let l = s + 19. What is the units digit of l?
9
Let a(c) = -3*c - 5. Let u(p) = 13*p + 19. Let x(n) = -9*a(n) - 2*u(n). Let f be x(-5). Suppose -11 = -f*m + 3. What is the units digit of m?
7
Let l = -19 - -40. Let n = 36 - l. What is the units digit of n?
5
Let d(s) be the third derivative of -1/6*s**3 + 0*s + 3/20*s**5 - 2*s**2 + 0 + 0*s**4. What is the units digit of d(-1)?
8
Let n(v) = -v**2 - 9*v - 8. Let x = 3 + -1. Let q be 0 + (2 + -6 - x). What is the tens digit of n(q)?
1
Let m(o) = -4*o**2 + 11*o + 12. Let y(n) = -3*n**2 + 7*n + 8. Let j(s) = 5*m(s) - 7*y(s). Let g be j(-5). Let t = 10 + g. What is the units digit of t?
9
Let o = 2 - 6. Let g be (o/(-5))/((-14)/(-35)). Suppose -g*t = y + 3*y - 22, -4 = 2*y - 4*t. What is the units digit of y?
4
Suppose 46 = -5*p + 311. What is the tens digit of p?
5
Suppose 5*m = -5*y + 50, 2*m - 38 = -3*y - 17. What is the units digit of m?
9
Let h = -6 - -13. Suppose -h - 3 = -5*s. What is the units digit of s?
2
Let t(b) = b + 1 - 4 - 2*b. What is the units digit of t(-11)?
8
Let h(f) = -f**3 + f + 5. Let a be h(0). Let w = 5 - -7. Suppose a*m - w = 3*m. What is the units digit of m?
6
Let m be 195/25 + 8/(-10). Let y(k) = -k**2 + 10*k - 1. What is the tens digit of y(m)?
2
Suppose 5*b + 38 - 186 = -3*q, 0 = q - 3*b - 40. What is the units digit of q?
6
Suppose 3*z - 5*z + 4 = 4*u, -5*u - 1 = z. Suppose -v - 4 = 0, z*v = -2*s - 0 - 8. What is the units digit of s?
4
Suppose -16*w + 20*w - 236 = 0. What is the tens digit of w?
5
Let h = 10 - -11. What is the tens digit of h?
2
What is the units digit of (-164)/(-2) - 1*(-5 - -3)?
4
Suppose 17*b = 19*b - 102. What is the units digit of b?
1
Suppose -2*d - 36 = -96. Suppose 5*k - 3*k - 36 = 0. Let p = d - k. What is the units digit of p?
2
Let t be 1 - (3 - 11)/2. Suppose -t*r - 4*z + 37 + 39 = 0, -r + 19 = -3*z. What is the units digit of r?
6
Let w = 258 - -34. What is the tens digit of w?
9
Let z(n) = -n**2 - 10*n - 3. Suppose 24 = -2*b - 2*d, 20 = -3*b + d - 0*d. What is the tens digit of z(b)?
1
Suppose 0 = -9*r - 26 + 431. What is the tens digit of r?
4
Let c be -2 - (1 - (2 - 3)). Let x = c + 7. Let z(d) = -d**3 + 5*d**2 - 4*d - 1. What is the units digit of z(x)?
5
Let w(c) = -3*c - 3. Let i be w(8). Let n be (-2 - i) + -1 + -1. Suppose 5*k - n - 12 = 0. What is the units digit of k?
7
Suppose -3*j + 5*l = -239, 0 = -3*j - 0*l - 5*l + 229. What is the tens digit of j?
7
Let f = 15 - 6. Let g(q) = 6*q**3 - q + 10 - 2*q**3 - 3*q**3 - 9*q**2. What is the units digit of g(f)?
1
Suppose 4*d + 5*s + 440 = 3045, -2*d = 5*s - 1305. What is the units digit of (-4)/14 - d/(-70)?
9
Let j be 27/(-2)*2/(-3). Let l(r) = -r**2 + 10*r + 5. What is the units digit of l(j)?
4
Let q be -3 - 1*(-7 - 2). Let s(h) = 3*h - 7. What is the tens digit of s(q)?
1
Let o(i) = i**3 + 17*i**2 + 11*i + 52. What is the hundreds digit of o(-16)?
1
Let u(b) = 3*b - 1. Let j be u(2). Suppose -147 - 93 = -j*d. What is the tens digit of d?
4
Let d(l) = l**2 - 3*l. Let f(m) = -m**3 - 5*m**2 - m - 2. Let g be f(-5). Let i be d(g). Let j(s) = -s**3 + 3. What is the units digit of j(i)?
3
Let k be (3 + 20/(-8))*0. What is the units digit of 15 + (k - -3) + -6?
2
Let w be (-10)/((0 - 1) + 0). Let b be (w/(-4) + 0)*-18. Suppose -3*d = -b - 12. What is the tens digit of d?
1
Let q = 13 + -1. Let v = 0 - -2. Suppose -o - q = -v*o. What is the tens digit of o?
1
What is the tens digit of 2/10 + -1 + 1759/5?
5
Let d be 1 - 1/((-3)/(-3)). Suppose d = -3*w + 43 + 44. What is the tens digit of w?
2
Suppose 10*o = 5*o, -4*o = 5*f - 55. Let v = f + 92. Suppose 3*s - 7*s = m - 8, -s = -5*m + v. What is the tens digit of m?
2
Suppose 0 = 5*g - 15, 5 = 3*n - 8*n + 5*g. Let a be 5/(-15) + (-48)/(-9). Suppose -2*v - 2*v + 40 = n*f, -a*v = f - 47. What is the units digit of v?
9
Suppose 17 = -4*b + 5*b + 3*l, -3*b - l = -67. What is the units digit of b?
3
Let n = 2 - 4. Let m(a) = -a**3 - 2*a**2 - 2*a + 2. What is the units digit of m(n)?
6
Let k be (3/5)/(2/90). Let d be -2*(0 - 26/(-4)). Let a = d + k. What is the units digit of a?
4
Let s(g) = 44*g**2 - 11*g + 4. What is the units digit of s(3)?
7
What is the units digit of (-2 - 4)*(-1 - 3/(-9))?
4
Let l(d) = -11 - 7 + d**2 + 6*d + 22. Let h = 4 - 11. What is the tens digit of l(h)?
1
Suppose -2*w = 2*w - 20. Suppose -q - w*v = 2*q - 78, 5*q - 130 = -v. What is the units digit of q?
6
Let h(c) = -c**3 - 11*c**2 - 9*c + 10. Let u be h(-10). Suppose u = -p - 5*g + 5, 5*p - 34 = 3*p - 2*g. What is the tens digit of p?
2
Let s = 2 - 0. Suppose -3*w - 7 = -s*w + 5*t, -w - 2*t + 2 = 0. Suppose -3*d = w - 29. What is the units digit of d?
7
Let u be 5 + 1/(-1 + 2). What is the tens digit of 4 - u - (0 + -37)?
3
Suppose -27 = -4*o - 2*a + 27, -3*o + 3*a + 27 = 0. Suppose 0 = 2*m - 6*m + o. What is the units digit of m?
3
Let d(l) be the first derivative o